
2, 13
Let p = -108 + 98. List the prime factors of (-1792)/p + (-48)/(-60).
2, 3, 5
Let h = -358 - -343. What are the prime factors of 35/h*(-175 + -8)?
7, 61
Let j(a) = 45 - 95 - 4*a**2 - a**3 - 2*a**2 + 44. Let y be j(-6). What are the prime factors of (-430)/y + (-2)/(-6)?
2, 3
Let b(i) = 4*i**2 + 191*i - 1974. List the prime factors of b(46).
2, 3, 19, 67
Let r = 76 + -24. Let z = -25 + r. Let g = -17 + z. List the prime factors of g.
2, 5
Let l = -53 - -103. Let u = -48 + l. Suppose -3*c - u*s = -7*c + 132, -77 = -3*c - 4*s. List the prime factors of c.
31
Let a = -231 - -72. What are the prime factors of -2*(a + (2 - -6))?
2, 151
Let l = 42 + -39. Suppose 4*x - 1 = p - 12, -3*x + 48 = l*p. Suppose 11*t - p*t = -244. List the prime factors of t.
61
Let c = 39 + -34. Suppose 5*x + 16 = -5*q - 4, x = -c. Let u(z) = 19*z**2 + 6*z - 7. What are the prime factors of u(q)?
2, 3
Let u(v) = -v**2 + v. Let p(l) = 13 - 5*l + 2 + 2*l**3 - 14*l - 4*l**2. Let k(x) = p(x) + 2*u(x). What are the prime factors of k(6)?
3, 43
Suppose -2*m + 8 = 4*a, 16 = -0*m + 4*m + a. Let w(s) = 16*s - 11. Let t be w(m). Let o = t - 1. List the prime factors of o.
2, 13
Let t be (1/(-2))/(4/80). Let y(a) = -2*a**3 - 15*a**2 - 8*a + 1. Let w be y(t). Suppose -4*c + 3*c = 4*i - w, -i - 5*c = -169. What are the prime factors of i?
2, 3
Let r(a) = a**3 - 8*a**2 + 10*a - 8. Let p be r(7). Suppose p*b = 6*b + 413. Suppose 6*d = 293 - b. What are the prime factors of d?
3, 13
Let d(l) = l**2 - 48*l + 75. Suppose -3*i + 31 = g - 26, -247 = -5*g + 4*i. What are the prime factors of d(g)?
2, 3, 19
Suppose 61 = 7*a - 674. Suppose 4*j + q = 15 + 130, -3*j - 2*q = -a. Let l = 39 - j. List the prime factors of l.
2
Let n = 322 + -324. What are the prime factors of (90/135)/(n/(-1815))?
5, 11
Let f(z) = -z**2 + 38*z - 18. Let o be f(14). Suppose -o*n + 312*n = -5022. List the prime factors of n.
3, 31
Suppose -8 = -a + 2. Suppose 0 = -a*f - 15 + 45. Suppose f*y - 10*y = -1267. List the prime factors of y.
181
Suppose -686 = -2*i - 3*r, 3*i + i = 3*r + 1336. Let m be (-758)/5 + 8/5. List the prime factors of (7 - m/(-18)) + i/3.
3, 37
Suppose q - 11599 = 2*w, 5745 + 5869 = q - 5*w. What are the prime factors of q?
3, 3863
Let s = 154616 - 301919. List the prime factors of (-10)/(-35) + s/(-91).
1619
Let f(z) = 4*z**2 + 1. Let w be f(1). Suppose -w*c = 4*n - 931, 2*c - 4*n = -3*n + 362. Let b = -80 + c. List the prime factors of b.
103
Suppose 2*y + y + 671 = 4*z, 2*y + 4*z + 434 = 0. Let k = y + 337. Let f = 220 - k. What are the prime factors of f?
2, 13
Let o = -83 - -107. List the prime factors of o/40 + (-3 - 6951/(-15)).
461
Let k(b) = b + 7. Let o(z) = z**2 + 8*z + 3. Let p be o(-4). Let t be k(p). What are the prime factors of t/(-9) + (-65)/(-15)?
5
Let q = 97 - 93. Let d = -5 - -7. Suppose -q - 12 = -d*o. What are the prime factors of o?
2
Suppose 0 = 425*w - 432*w + 63. Let q(h) = 13*h**2 + 12*h - 56. List the prime factors of q(w).
5, 13, 17
Let o = -126 - -46. Let n = -212 - o. What are the prime factors of n*(-3 - (-15)/6)?
2, 3, 11
Let m be (3/(-1) - -3) + 26*1. Suppose -k - 1 = -5*u - m, 3*k + u = 75. Let l = k + -8. What are the prime factors of l?
17
Let p be (-91)/(-78) - 2/12. Let m(b) = 4 + 4 - b**3 - 6*b**2 + p + 2*b**2. What are the prime factors of m(-6)?
3
Let y be 19/(1368/(-16)) + 32026/18. Suppose -81*c - y = -84*c. List the prime factors of c.
593
Suppose -108*h = g - 105*h - 49259, 2*h - 10 = 0. List the prime factors of g.
2, 13, 947
Let r(p) = 316*p**2 - 49*p + 50. List the prime factors of r(1).
317
Let h = -182731 + 257832. List the prime factors of h.
13, 53, 109
Suppose 20*s - 17*s - 2*z - 47073 = 0, 4*s = -4*z + 62724. List the prime factors of s.
3, 7, 83
Let h = 8593 + -5302. What are the prime factors of h?
3, 1097
Let k(g) = 21*g**2 + 157*g - 7. List the prime factors of k(-11).
3, 269
What are the prime factors of 295485/33 - (-35)/(-385)?
2, 11, 37
Let n(p) = 9*p - 120. Let y be n(18). What are the prime factors of (y + -43)*-1*590?
2, 5, 59
Let k(m) = -m**2 - 14*m + 77. Let i be k(4). Suppose 0 = -i*j + 2*z + 8159, 6*j - 3*z - 3268 = 4*j. What are the prime factors of j?
7, 233
Let d(z) = 220*z + 274. What are the prime factors of d(2)?
2, 3, 7, 17
Suppose 9*l - 16119 - 52146 = 0. What are the prime factors of l?
5, 37, 41
Let v(q) = -1264*q - 1130. What are the prime factors of v(-3)?
2, 11
Let s be (1 - 8)*(-6 + 288/56). Let t(r) = 3*r**2 + 3*r. Let n be t(s). Let w = 223 - n. What are the prime factors of w?
97
Let w = -125 + 127. Suppose 0 = w*v - 68 + 50. Suppose -v*c - 3*c + 3372 = 0. What are the prime factors of c?
281
Suppose 9*b - 4*b + 2*j + 5 = 0, b - 6 = j. Let l be 2*b*(-238)/(-2)*1. Let x = -114 + l. What are the prime factors of x?
2, 31
Let v(y) = 2*y**3 + y**2 + 7. Let j be v(0). Suppose 170 = j*r - 6*r + 5*g, -4*g = 16. What are the prime factors of r?
2, 5, 19
Let g(h) = -h**3 - 6*h**2 - 7*h - 30. Let i be g(-6). What are the prime factors of (-3*26/i)/(1/(-38))?
13, 19
Let j(f) = -f**2 + 63*f - 20. Let a be 2048/68 - (-26)/(-221). What are the prime factors of j(a)?
2, 5, 97
Let d(b) = -18*b - 21. Let j be d(-2). Suppose -j*v = 5*v - 9080. List the prime factors of v.
2, 227
Suppose 0 = -5*r + 105 - 5. Suppose -4*w + r = w. What are the prime factors of (55/(-25) + 7)/(w/10)?
2, 3
Suppose -186*k + 47899 + 784377 = -110*k. List the prime factors of k.
47, 233
Let p(v) = 2*v - 5. Let d be p(5). Suppose -n + 3*g + 15 = n, n + g - d = 0. Suppose -o - 3*u - u = -6, -o - u + n = 0. What are the prime factors of o?
2, 3
Suppose 2*p + 32*c = 31*c + 13653, 6869 = p - 8*c. List the prime factors of p.
6829
Let m(d) = 7*d**2 + 16*d + 29. Let k be m(-9). Let j = 188 + k. What are the prime factors of j?
2, 5
Let f be 8 - ((-6)/(-18))/((-3)/(-27)). Suppose 3*c = 2*a + 1871, 0 = 3*c - c - f*a - 1262. List the prime factors of c.
3, 23
Let q(n) = 691*n**3 + 97*n**3 - 117*n**3 - 23*n**3 + 588*n**3 - n**2 - 11 + 12*n. List the prime factors of q(1).
2, 3, 103
Suppose 0 = 54*t - 614661 + 97557. What are the prime factors of t?
2, 3, 7, 19
Let f be -573*5 + (59 - 66). Let l = f - -4225. What are the prime factors of l?
3, 11, 41
Let a(r) = -2*r**2 - 13*r + 13. Let g be a(-7). Suppose 14 = 4*h + g. List the prime factors of ((-676)/130)/(h/(-35)).
7, 13
Suppose 22560 = a - u - 4229, -2*u + 80327 = 3*a. List the prime factors of a.
3, 79, 113
What are the prime factors of (-2697)/(-62)*518*1?
3, 7, 29, 37
Let g(r) = -20*r - 74. Let j be g(-14). Let t = 345 - j. List the prime factors of t.
139
Suppose 124 = 2*v - 4*z - 54, 5*v + 5*z - 505 = 0. Let s = v + 464. List the prime factors of s.
3, 11, 17
Let m be 305/(-55) - (-12)/22. What are the prime factors of 956 + 35/m + 12/(-3)?
3, 5, 7
List the prime factors of -5*3 - (492 + -28127).
2, 5, 1381
Let k(x) = x**3 - 6*x**2 + 6*x + 17. Let d be k(5). Suppose 34*a - 12936 = d*a. List the prime factors of a.
2, 7, 11
Let x(g) = 8*g**3 + 4*g**2 + 5*g + 3 + 7 + 5*g**3 - 14*g**3. Let q be x(5). List the prime factors of 114 + 0 - (q - 8).
2, 7
Suppose -1180 = -10*p + 9*p - 5*k, -p = -5*k - 1200. What are the prime factors of p?
2, 5, 7, 17
Let y = -100 + -74. Suppose -8*k - 466 = 2038. Let w = y - k. What are the prime factors of w?
139
Suppose -12*b + 1 = -143. Suppose 501 = b*w - 291. What are the prime factors of w?
2, 3, 11
Suppose 4*o + 10 = 26. Suppose 1749 = -o*l + 7*l + 3*g, -2931 = -5*l + 3*g. List the prime factors of l.
3, 5, 13
Let d(a) = a - 2. Let l(w) = -4*w**2 + 33*w - 119. Let u(r) = 5*d(r) - l(r). List the prime factors of u(20).
3, 383
Let c = 144854 - 54479. List the prime factors of c.
3, 5, 241
Let v(n) = 2*n**3 - 22*n**2 - 11*n - 13. Let y be v(13). Let r = 1390 - y. List the prime factors of r.
2, 3, 5, 29
Suppose -7*t = -t + 180. List the prime factors of ((-20)/t)/((-2)/(-786)*2).
131
Suppose 3*o = -15, -4*o - 51430 = -23*x + 18*x. What are the prime factors of x?
2, 53, 97
Let m = -21 + 26. Suppose q = 2*u - 4*q - 437, -1103 = -m*u + 2*q. Suppose -911 + u = -6*h. What are the prime factors of h?
5, 23
Suppose 4*z - 270 = 14. Let v(p) = -12*p - 49. Let h be v(-11). Suppose -4*r - z + h = 0. List the prime factors of r.
3
Let q = -18209 - -35773. List the prime factors o